is divided by 29.
24
Suppose 6 + 12 = 2*w - 2*f, 0 = 5*w + 4*f - 63. Let h = 14 - w. Calculate the remainder when (-2 - -1)/(2/(-22)) is divided by h.
2
Suppose 9*d + 4*d - 286 = 0. What is the remainder when 109 is divided by d?
21
Let i(x) = x**3 + 24*x**2 + 21*x + 57. What is the remainder when i(-23) is divided by 64?
39
Let w be ((-3)/4)/((-6)/1680). Let z = -143 + w. Let i = z - 34. What is the remainder when i is divided by 9?
6
Suppose -6*a = -2*a - 288. What is the remainder when a is divided by 25?
22
Suppose -8*q + 676 = 124. Calculate the remainder when q is divided by 7.
6
Let x(k) = -k**3 + 3*k**2 + 2*k + 5. Let w be x(4). Let l be (28/6)/(w/18). Let i = l - -39. Calculate the remainder when 20 is divided by i.
9
Suppose -8*r + 4266 = 10*r. What is the remainder when r is divided by 20?
17
Suppose -6*t = -2*t - 3*p + 127, -t + 2*p - 33 = 0. Let r(h) = 5*h - 20. Let w be r(14). Let g = w + t. Calculate the remainder when 36 is divided by g.
17
Let u = -392 + 470. Calculate the remainder when u is divided by 22.
12
Suppose 0 = h - 3, -2*f - 4*h = -1628. Calculate the remainder when f is divided by 54.
52
Suppose 261*a - 36 = 257*a. What is the remainder when 61 is divided by a?
7
Let k(n) = -n**3 + 6*n**2 + 3*n + 7. Let q be 1 - (3 - (130 + -2)). What is the remainder when k(6) is divided by 93/7 + 12/q*-3?
12
Suppose 4*f + 43 = -5*d + 2*f, 2*d = 3*f - 21. Let w = d + 6. Calculate the remainder when 42 + (-12)/w + -2 is divided by 23.
21
Let z be ((-27)/6 + 3)/((-2)/(-68)). Let t = -20 - z. Let j = 9 + -1. What is the remainder when t is divided by j?
7
Suppose 0 = -d + h - 31, -3*d - 5*h + 2*h - 69 = 0. Let i = d + 232. Let v = -134 + i. Calculate the remainder when v is divided by 18.
17
Let o = 11 + 14. Let x be ((-90)/12)/(2/(-4)). Let i = 22 - x. What is the remainder when o is divided by i?
4
Let d(a) = a**2 + 7*a - 6. Suppose 53 = 2*p + 5*t, p - 4*t + 88 = 5*p. What is the remainder when d(6) is divided by p?
15
Calculate the remainder when 2 - (-375 + 5 + 0 - -4) is divided by 62.
58
Let a(z) = 185*z**2 - 2*z + 2. Calculate the remainder when a(1) is divided by 94.
91
Let d = -12 - -45. Suppose -8*b + 3*b = 10*b. Suppose b = -26*z + 22*z + 388. What is the remainder when z is divided by d?
31
Let d = 46 + -37. Suppose -6*s = -d*s + 354. Calculate the remainder when s is divided by 15.
13
Let o = -66 + 68. Suppose 2*w + o = 3*w, 3*w - 19 = -n. Calculate the remainder when n is divided by 6.
1
What is the remainder when 415 is divided by (-286)/26*(-1 - 1)?
19
Suppose -3*k + 18 = 4*n, 26 = -3*n - 4*k + 29. Calculate the remainder when (-153)/(-5) + 2/5 is divided by n.
4
Let w(o) = o + 9. Let t be w(-7). Calculate the remainder when 17 is divided by t + 7 + (3 - 7).
2
Let m = 20 + -19. Let g(l) = 13*l + 4. What is the remainder when 63 is divided by g(m)?
12
Let k = -1686 - -1894. What is the remainder when k is divided by 19?
18
Let l(z) = -3*z - 7. Let a(t) = -t**3 - 10*t**2 - 11*t + 10. Let x be a(-9). Let m = 1 + x. What is the remainder when m is divided by l(-5)?
5
Let x = -92 + 79. Let k(c) = c**2 + 14*c + 26. Calculate the remainder when 21 is divided by k(x).
8
Let c(j) = -j**3 - 48*j**2 - 42*j + 242. What is the remainder when 370 is divided by c(-47)?
6
Let n = -4 - -4. Suppose 5*d + 2*f - 29 = n, 2*d + 26 = 7*d + 3*f. Suppose 4 = -i + 5*s + 16, 0 = s - 3. What is the remainder when i is divided by d?
6
Let i = 692 - 648. What is the remainder when 175 is divided by i?
43
Let g(q) = 3*q + 98. What is the remainder when 126 is divided by g(-29)?
5
Let b = 124 - 60. What is the remainder when b is divided by 18?
10
Suppose -q - 33 = -12*q. What is the remainder when 154 is divided by (-2)/(-24)*q + 369/12?
30
Let j be (0 + (-4)/(-8))*4. Suppose 0 = -j*t + 6 + 44. Suppose d + 5 = 0, -4*z + 32 = -d - 9. What is the remainder when t is divided by z?
7
Calculate the remainder when 81 is divided by (-3)/12 + 0 - 2225/(-100).
15
Suppose -2*l = q + 27 - 85, -5*l = 5*q - 135. What is the remainder when (l + -6)*(0 + 2) is divided by 13?
11
Suppose 59*m = 54*m + 245. Calculate the remainder when m is divided by 30.
19
Suppose 2*p = -3*y + 32, -p - 1 = -y - 7. Suppose p = -2*l + 28. What is the remainder when 16 is divided by l?
7
Suppose -70 = -t - 0*t. Suppose 0 = 3*j + 5*v - 107, 2*v + t + 67 = 5*j. Let u(n) = n + 4. Calculate the remainder when j is divided by u(6).
9
Suppose -3*g - 22 + 79 = 0. Calculate the remainder when 93 is divided by g.
17
Let z(r) = -3*r + 2. What is the remainder when ((-1)/(-2))/((-22)/(-1892)) is divided by z(-7)?
20
Let n(u) = u + 2. Let z be n(-5). Let f = -2 - z. Let t(p) = p**2 - 44*p - 42. What is the remainder when t(45) is divided by f?
0
Let o = 77 - 67. Let a be ((-1)/3)/(1/3). What is the remainder when (0 - a) + -1 + 17 is divided by o?
7
Let a(z) = 74*z**3 + 2*z - 3. Let m be 0/(-8) + (3 - 2). Calculate the remainder when a(m) is divided by 15.
13
Let j(f) = f**3 - 6*f**2 - 9*f + 2. Let o be j(7). Let p = o - -19. Calculate the remainder when 22 is divided by p.
1
Let j = 103 - 24. Let n(w) = 4*w**2 - 6*w - 12. Calculate the remainder when j is divided by n(-2).
15
Let t = 43 + -11. Let n = -16 + t. Calculate the remainder when 63 is divided by n.
15
Suppose 0 = 2*t + t + 126. Let d = t - -61. What is the remainder when 128 is divided by d?
14
Let w = -224 + 261. What is the remainder when 105 is divided by w?
31
Let d(g) = -8*g + 16. Calculate the remainder when d(0) is divided by (3/(-4))/((-3)/24).
4
Suppose 7 = h + h - i, i = -5*h + 14. Suppose 7*o - h*o = 48. Calculate the remainder when o is divided by 1/(2/((-6)/(-1))).
0
Let s(x) be the second derivative of x**4/12 + x**2/2 - 2*x. Let i be s(1). Suppose 0 = -i*n + 65 - 23. Calculate the remainder when 41 is divided by n.
20
What is the remainder when 210 + 3/(12/20) is divided by 8?
7
Let g(a) = -a**2 + 8*a + 23. Let t be g(10). Suppose 0 = w - 2*i - 21, 0 = -5*w + w - t*i + 62. What is the remainder when w is divided by (-2)/(-2) + 2*4?
8
Let z(y) = y**2 + 25*y + 7. Calculate the remainder when 27 is divided by z(-25).
6
Suppose 0 = -17*l - 0*l + 2193. Calculate the remainder when l is divided by 57.
15
Let b be ((-4)/12)/(1/33). Let l = 2 - b. What is the remainder when 81 is divided by (-7)/((-3)/(l - 1))?
25
Let m(c) = -c - 8. Let h be m(-7). Let v(k) = -k - 1. Let r be v(h). Suppose -3*w - 8 + 50 = r. Calculate the remainder when 22 is divided by w.
8
Suppose 5*m = -l - 130, -m - 2*m - 90 = 3*l. Suppose -4*u - 13 = -5. What is the remainder when 35 is divided by ((-30)/m)/(u/(-30))?
17
Suppose -4*c + 97 + 351 = 0. What is the remainder when -3 - 1 - (-2 - c) is divided by 28?
26
Let c(x) = 7*x**2 + 9*x + 4. What is the remainder when c(-6) is divided by 29/1 - 576/48?
15
Let g = -10 - -10. Let r be (-42)/(-1) + g/(-3). Calculate the remainder when 22 is divided by 10*(r/10 + -3).
10
Let h(i) = i**3 - 11*i**2 + 12*i - 3. Suppose -3*o + 98 - 26 = -3*l, 2*o + l = 42. Calculate the remainder when h(11) is divided by o.
19
Let x(z) = z**2 + 3*z - 5. Calculate the remainder when x(5) is divided by (-16)/1*(5 + (-92)/16).
11
Let l(k) = -4*k + 20. Let z be l(7). What is the remainder when ((-180)/z)/(-9)*666/(-15) is divided by 28?
27
Let z(a) = a**2 + a - 22. Let c be z(0). Let s = c + 44. What is the remainder when s is divided by 3*(-1 - (-11)/3)?
6
Calculate the remainder when (-1)/((-45)/6384) + (-4)/(-30) is divided by 18.
16
Let x(u) = u**2 - 12*u + 12. What is the remainder when 74 is divided by x(0)?
2
Let o(m) = 4*m**2 + 3*m + 7. Let q be o(4). Let z = q + -59. Calculate the remainder when 117 is divided by z.
21
Suppose -4*s + 3*b = 2 - 42, 36 = 4*s - 4*b. Let l(q) = -2*q + 1. Calculate the remainder when s is divided by l(-2).
3
Calculate the remainder when 69 is divided by ((-10)/35)/((-4)/196).
13
Suppose -i + 55 = 4*i. Let m be (50/(-15))/((-2)/3). Calculate the remainder when 22 - (m - (2 + 2)) is divided by i.
10
Suppose 18 = -5*m + 43. What is the remainder when (-6 - -4)*(-1 - (-10)/(-4)) is divided by m?
2
Let w be (-1)/(-3) + (-12)/36. Suppose w = 3*z + 1 - 94. Let k(v) = v + 8. Calculate the remainder when z is divided by k(8).
15
Suppose -30 - 150 = -2*g. Suppose 68*l = 101*l - 792. Calculate the rema